f h and 380?
20
Let n(i) = 2*i**3 - 8*i**2 + 3*i + 11. Let d be n(3). Calculate the greatest common divisor of d and 118.
2
Let z = 48 + -27. Let h = 5 + -6. Let v be (-4 - h)/((-24)/56). Calculate the greatest common divisor of z and v.
7
Let w(z) = 4*z**2 + 6*z - 2. Let n be w(4). Suppose m - 124 = 5*r, -5*m + 599 = -r - 45. What is the greatest common factor of m and n?
43
Suppose -45*s = -16*s - 232. What is the highest common divisor of 80 and s?
8
Suppose 5*w = -4*w + 1008. Suppose 2*z = 2*t - 38, 0*t - 3*z = 4*t - 41. What is the highest common factor of w and t?
14
Let z(p) = p**2 + 13*p - 9. Let h(r) = 4*r**2 + 38*r - 28. Let m(l) = 6*h(l) - 17*z(l). Let y be m(-7). Calculate the highest common divisor of 31 and y.
31
Let x = -436 + 574. What is the highest common divisor of 874 and x?
46
Let h(k) = 4*k - 126. Let p be h(32). What is the highest common divisor of 226 and p?
2
Let v(k) = -5*k**2 + 43*k + 21. Let u be v(9). What is the greatest common factor of u and 17?
1
Let d(n) = -n**3 + 33*n**2 + 3*n - 39. Let w be d(33). Calculate the highest common factor of 750 and w.
30
Let j be (-2)/3 - (-80)/3. Suppose -3*y + j + 151 = 0. Suppose -5*s - y = -239. Calculate the greatest common divisor of 9 and s.
9
Suppose 70 = -0*r + 7*r. Suppose -s + 12 = 2*s. Suppose -17 + 457 = s*p. Calculate the greatest common divisor of r and p.
10
Suppose c + 4*m = -0*c + 6, -3*c = -2*m - 4. Let h = -409 + 415. Calculate the greatest common factor of c and h.
2
Suppose 84 = -m + 7*m. Suppose -m*g + 36 = -12*g. What is the highest common divisor of g and 126?
18
Let g = 659 + -631. What is the greatest common factor of g and 581?
7
Suppose a - c - 27 = -7, 116 = 4*a + 5*c. Calculate the greatest common factor of 16 and a.
8
Let m = -132 - -272. Suppose 2*b - 22 - 18 = 0. Calculate the greatest common factor of b and m.
20
Suppose 21 = 7*h - 4*h. Let i be (h/(-14))/((-1)/(-6)). Let u be (i - -4)/(1/13). Calculate the greatest common divisor of u and 143.
13
Let q be -4*(2/(-8) + 1). Let t be ((-26)/8)/(q/12). Let i be t + -12 - (1 - 3). Calculate the highest common divisor of i and 12.
3
Suppose 0 = -24*s + 27*s - 39. Let p be 3/(-12)*16/(-2). Suppose 0 = p*c - y - 24, 2*y + 0*y = -c + 17. Calculate the greatest common factor of s and c.
13
Suppose 2*y = -n - 2*y + 57, -n - 3*y + 57 = 0. What is the greatest common factor of 399 and n?
57
Let p(k) be the third derivative of -k**4/4 - 7*k**3/2 + 11*k**2. Let v be p(-5). Calculate the highest common divisor of v and 99.
9
Let i be 2/(2*((-110)/115 + 1)). Calculate the greatest common factor of i and 23.
23
Let z = 716 + -715. What is the highest common factor of 317 and z?
1
Let i be (54/(-7))/((-23)/483). What is the highest common factor of 18 and i?
18
Suppose 2*p = -2*i + 54, 2*i - 25 = -3*p + 61. Calculate the highest common divisor of p and 144.
16
Let h be 1072 + -10 - (2 - (-1 - 5)). Calculate the greatest common factor of h and 62.
62
Let k be 2/(-3) + 194/3. Suppose -n - 1 = -0. Let i be (10 - n) + 6 + -9. Calculate the highest common factor of k and i.
8
Let c be 405/(-10)*(-4)/6. Let d be (-22)/(-3) - 9/c. Suppose -243 = -6*p + 2*p - 3*b, -b + 249 = 4*p. Calculate the greatest common factor of d and p.
7
Suppose 0 = -10*w + 13*w + 294. Let c = 113 + w. Calculate the highest common factor of c and 5.
5
Let f = -271 - -567. Let x = f + -127. What is the highest common divisor of x and 13?
13
Let a(x) = x**2 - 7*x - 2 - 5 + 19*x. Let q = -594 + 581. Let d be a(q). What is the highest common factor of 3 and d?
3
Let c(a) = -a**3 - 8*a**2 + 10*a + 11. Let s be c(-9). Let u be (4 - s)*33/3. Calculate the greatest common divisor of 33 and u.
11
Suppose 6*t - 62 = 5*t + 3*l, -3*l = 3*t - 162. What is the highest common factor of 616 and t?
56
Let l = 919 + -903. What is the highest common divisor of l and 1296?
16
Let f = -559 + 599. Calculate the greatest common divisor of 230 and f.
10
Let h(a) = 128*a**2 + 2*a - 2. Let j be h(1). Let x = 173 - j. What is the highest common divisor of 270 and x?
45
Let f(w) = 9*w**2 - w. Let y be f(-1). Suppose -2*z + 276 = 3*i, 95*i - 96*i - 4*z + 102 = 0. Calculate the greatest common factor of y and i.
10
Let k(s) = 20*s - 2. Let j = 5 + -2. Suppose -j*h + 2 = -h. Let w be k(h). What is the highest common factor of 45 and w?
9
Suppose -29*p = -37*p + 1424. What is the highest common factor of 623 and p?
89
Let j be 5/(-35)*-7*2. Suppose -2*p + 0 - 14 = 0. Let q(n) = -n**3 - 7*n**2 + 2. Let m be q(p). What is the highest common factor of m and j?
2
Suppose 0*o = -2*o - 2. Let f(n) be the second derivative of n**4/4 - n**3/6 + 102*n. Let i be f(o). What is the highest common divisor of 32 and i?
4
Suppose -3*z = -5*b + 120, 3*z - 50 = 4*z - 5*b. Suppose 10*w = 23*w + 169. Let d = w - z. What is the highest common factor of d and 2?
2
Let o(k) = k + 10. Suppose 0 = -x - 2*i - 15, -5*x + 5*i - 23 = 7. Let a be o(x). Calculate the greatest common divisor of a and 3.
1
Let k = 109 + -101. What is the highest common divisor of 88 and k?
8
Let l = 54 + -56. Let k be (-1 - -11) + -2 + l/2. What is the greatest common factor of 1 and k?
1
Let h(r) = -4*r**2 + 31*r + 10. Let n be h(7). What is the greatest common factor of 1 and n?
1
Suppose 0 = 99*q - 1386 - 99. What is the greatest common factor of 30 and q?
15
Suppose 0 = 7*v - 835 - 110. What is the greatest common factor of 30 and v?
15
Suppose -4*v - 89 = -17. Let p = v - -50. What is the greatest common factor of 48 and p?
16
Let u(m) = -7*m - 6. Let r be u(-4). Let b be (-2 + 1)*(3 + 2). Let x be (-6 - b)/((-2)/r). What is the highest common factor of 88 and x?
11
Suppose -3 = 3*w, -5*f + 4*w + 8 = -86. Let c(b) = -b**2 + 12*b - 2. Let l be c(2). Calculate the greatest common divisor of l and f.
18
Let i be -6*(2 + 8/(-3)). Suppose -i*l + 16 = 5*a, -3*a + 6*a - 5*l = 17. Calculate the highest common factor of 2 and a.
2
Let i be 0 + -1 + 3 + (-3 - -4). Suppose 0 = 5*b - 342 + 297. Calculate the highest common divisor of i and b.
3
Let b be (-22)/7*63/(-18). Calculate the greatest common factor of b and 176.
11
Let y = -6414 + 9637. Calculate the highest common divisor of y and 11.
11
Let t(f) = -f**3 + 3*f**2 - 3*f + 8. Let s be t(-4). Suppose -179*v = -176*v - s. Calculate the greatest common factor of v and 8.
4
Suppose -h = -0*h - 3. Suppose 4*g + 0*p - 59 = h*p, 4*p = -3*g + 13. Let c = g + -6. What is the greatest common divisor of c and 5?
5
Let t be 156 - 2*(-10)/5. Suppose 4*s - 20 = -s, -4*s - t = -2*j. Calculate the greatest common factor of 11 and j.
11
Let y = -12 + 129. Suppose -t - 2 = -7. Suppose -i - t*v = -75, 2*i - 4*v - y - 61 = 0. What is the highest common divisor of 17 and i?
17
Suppose 0 = 17*i - 3 - 82. Let n(d) = d**3 - 3*d**2 - 4*d + 10. Let b be n(i). What is the highest common factor of b and 8?
8
Let a(y) = 2*y - 1. Let f be a(5). Let x(c) = -129*c - 7584. Let m be x(-59). Calculate the highest common factor of f and m.
9
Let z = -4 + 6. Suppose 4*p + 6 = -z. Let j be (-241)/p + 1/(-2). What is the greatest common factor of j and 48?
24
Suppose 5*q = 3*q + 8. Suppose -6*o + 4*o = -q*g + 36, o = 2. What is the greatest common factor of 60 and g?
10
Let t(l) = l + 8. Let u be t(-7). Let n(m) = 4*m - 1. Let b be n(u). Suppose 0 = -2*z - b*z + 375. What is the highest common divisor of z and 15?
15
Suppose 10*q + 33 = -287. Let k be 184/q*(-12)/3. Calculate the highest common divisor of k and 184.
23
Let u = -29 + 32. Suppose s - 25 = -q - 2*q, -2*q = -u*s + 20. Calculate the highest common divisor of 5 and s.
5
Let w be (7 - (-49)/(-7)) + (16 - 0). What is the highest common factor of w and 400?
16
Let d(b) be the first derivative of 4*b**2 + 4*b + 7. Let q be d(2). Calculate the highest common divisor of 8 and q.
4
Let r be (22 - 23)*(-17 - 2). Suppose 0*h + 4*i = 2*h - 46, -3*h + 65 = -4*i. Calculate the greatest common factor of h and r.
19
Let d be 1/3 + 328/6. Suppose -143 = -7*u + 193. Let r be (-2)/6 + (-8)/u*-32. Calculate the highest common factor of d and r.
5
Let w be 1848/96 - (1 + (-6)/8). Suppose 0 = 18*s - w*s + 29. Calculate the greatest common divisor of 58 and s.
29
Suppose 5*w - 130 = 2*b, -2*b + 4*b - 62 = -3*w. What is the greatest common factor of 344 and w?
8
Let 